the third derivative of r**5/60 - r**4/4 + r**3/6 - 6*r**2. Calculate i(4).
-7
Let b(a) be the first derivative of 1/20*a**5 + 1/4*a**4 + a + 0*a**3 - a**2 - 1. Let i(z) be the first derivative of b(z). Determine i(-3).
-2
Suppose 0 = 4*x + 2 + 10. Let a be (-4)/(x/9*-3). Let q(n) = -n**2 - 2*n + 3. Give q(a).
-5
Let n(i) = -7*i**2 - i + 16. Let u(r) = -3*r**2 - r + 8. Let w be (-2 + 5 + -2)*-2. Let t(o) = w*n(o) + 5*u(o). Calculate t(-6).
-10
Let f(a) = 3*a + 1. Let x be 3 - 28/4 - 22. Let i = 23 + x. What is f(i)?
-8
Suppose -3*f + 16 = 1. Suppose 3 = -f*j - 7. Let g(i) = -i**2 - 2*i - 3. What is g(j)?
-3
Let c = -1 + 1. Let y(q) = q. Give y(c).
0
Let o(c) = -c**2 + 3*c - 3. Let r be o(2). Let g be (0/(-1))/(r/(-1)). Let w(h) = 3 + g - 2 + 4*h. Calculate w(-1).
-3
Let d(t) = t**2 + 1. Let r be d(-1). Suppose n + 4*o = 22, r*n + 5*o = o + 24. Let m(z) = z**3 - 3*z**2 + z - 1. What is m(n)?
-3
Suppose -12*t + 15*t = -3. Let c(r) = r**2 - r - 1. What is c(t)?
1
Let y(d) = 4*d - 2 + 5 + 6*d**2 + 5*d**3 - 4*d**3. Let x(t) = -12*t - 9 + 4*t - 8*t**2 - 4*t**3 + 3*t**3. Let u be x(-7). What is y(u)?
11
Let b(l) = -5*l**2 + 2*l**3 - 5*l + 6 - l**3 - 14. Calculate b(6).
-2
Let j(k) = -3*k**3 - 4*k + 14*k**3 - 10*k**3 - 1 - k**2. Suppose -2*u + u = -3. What is j(u)?
5
Let w(v) = v**3 - 4*v**2 + 4*v + 1. Let x(q) be the third derivative of -1/24*q**4 + 0*q - q**2 + 4/3*q**3 + 0. Let j be x(5). Calculate w(j).
4
Suppose 2*o - 2*a - 36 = -3*o, 5*a + 15 = 0. Suppose o*g = g. Let k(q) be the first derivative of -q**2/2 - q - 1. Determine k(g).
-1
Suppose -5 = 4*q + 15. Let n(h) = h**3 + 6*h**2 + 5*h + 7. Determine n(q).
7
Let q(y) = -5*y**2 - y - 1. Let o = -5 + 7. Let v be 66/24 + o/8. Suppose 0 = -4*z - 2*i - 8, 5*z - v*i = i + 3. Determine q(z).
-5
Let m(n) = n**2 + 12*n + 14. Let l be m(-11). Let k(c) = 2 - l*c**2 + 3*c**3 + 2*c**2 - 4*c**3. Calculate k(0).
2
Let n(a) = 3*a - 6. Let k(r) = 15*r - 31. Let q(c) = -2*k(c) + 11*n(c). Suppose t - 2*l = 4*t - 20, 4*t = 3*l + 4. Calculate q(t).
8
Let r(x) be the first derivative of 2*x**2 - 2*x + 11. Calculate r(-3).
-14
Suppose 0 = -2*b + 13 - 5. Suppose 6 = 5*l - t - 3, 4*l - b*t = 4. Suppose -5*y - l = -3*y. Let a(q) = 7*q + 1. What is a(y)?
-6
Let u(g) = -g. Let d(c) = 4*c + 4 - 3*c - 5 + c. Let n be (1/3)/((-2)/6). Let t(v) = n*u(v) + d(v). What is t(1)?
2
Let g = -7 - -10. Let q be (-2 - -7)*g/5. Let r(p) = -p + 5*p + p**3 - 5*p**2 - 4 + 0. Calculate r(q).
-10
Suppose 5*f + 40 = 5*u, -3*f - u = 3*u + 3. Let x(z) = z - 7. Determine x(f).
-12
Let w(t) be the third derivative of t**7/2520 - t**6/240 + t**5/30 + t**4/24 + 2*t**2. Let c(j) be the second derivative of w(j). Calculate c(3).
4
Let s(w) = w**3 + 5*w**2 - 7*w + 2. Let g be s(-6). Suppose 3*p - g = -2. Let c(l) = l + p*l**2 - 3 - 6*l - l**2. Give c(4).
-7
Let h = -5 + 5. Suppose 2*n + 4 + 6 = h. Let d(z) = z + 5 - 2 - 5. Calculate d(n).
-7
Let x = 26 + -21. Let c(k) be the second derivative of k - 1/2*k**3 + 0 - 1/20*k**x + 5/12*k**4 + 0*k**2. What is c(4)?
4
Let y be 96/(-18) - (-2)/6. Let m(x) = x + 1. Let b be m(y). Let h(a) = 2*a - 1. Determine h(b).
-9
Let u(p) = p**3 + 5*p**2 - p. Let q = 8 + -13. Calculate u(q).
5
Suppose -3*w - 5*t - 110 = 2*w, 75 = -5*w + 2*t. Let z = w + 12. Let l be z + 4/(-2) + 2. Let o(h) = h**3 + 5*h**2 + 2*h + 5. What is o(l)?
-5
Let s(w) be the second derivative of w**8/6720 - w**7/504 - w**6/720 + w**5/24 - w**4/4 - 2*w. Let l(b) be the third derivative of s(b). Determine l(5).
0
Let f(x) be the third derivative of x**6/120 + 7*x**5/60 + 5*x**4/24 + 2*x**3/3 + 10*x**2. Calculate f(-6).
10
Let x(j) = 3*j**3 - 6*j**3 + 2*j - j - 2*j**2 + 4*j**3. Give x(2).
2
Let b(i) = -i**2 + 5*i + 8. Suppose -21 = 4*n - 45. Determine b(n).
2
Let m(i) = -3*i**3 - 5*i**2 + 15*i + 22. Let x(j) = 3*j**2 + 2*j**3 - 5 - 19 + 9 - 10*j. Let k(z) = 5*m(z) + 7*x(z). Give k(-4).
-15
Let w(g) = 4*g**2 + 2*g - 1. Let k be w(-2). Suppose -m - 5*y = -2*m - 31, -k = m - y. Let z(h) = -h**2 - 7*h - 6. Give z(m).
0
Let c(m) = -m**3 + 8*m**2 + 2. Let u(f) = f**2. Let b(j) = -c(j) + 2*u(j). Suppose 2*t + 12 = 4*t. Give b(t).
-2
Suppose 7 = -6*q - 11. Let v(p) = -4*p - 3. Determine v(q).
9
Let o(n) = n**3 + n**2 - n - 1. Let j(l) = 5*l**3 + l**2 + l - 14. Let u(h) = j(h) - 6*o(h). Give u(-6).
-14
Let a(d) = 2*d**2 + 3*d - 6. Let v(r) = -9*r + 28 - 12 + 1 - 5*r**2. Let m(x) = 11*a(x) + 4*v(x). Calculate m(2).
4
Let s(g) be the first derivative of g**4/4 - g**3 - 2*g - 1. Suppose 3*v = v + 4. Determine s(v).
-6
Let c(a) = -a**2 + 5*a + 1. Let y(t) = t**2 + t + 4. Let g be y(0). Suppose g*l = 16 + 4. Determine c(l).
1
Let c(m) = m**3 + m**2 + 3*m + 3. Let u be ((-9)/6)/(9/12). Calculate c(u).
-7
Let w(k) be the third derivative of 0 + 3*k**2 - 1/2*k**3 + 1/8*k**4 + 1/60*k**5 + 0*k. Give w(-5).
7
Let n(m) be the third derivative of 3*m**4/8 + m**3/6 - 6*m**2. What is n(-2)?
-17
Let l(g) be the third derivative of -g**6/120 - g**5/12 - g**4/8 + g**2. Let q be (-4)/6*1*-6. Suppose -2*t - 4 = q. Give l(t).
-4
Let k(u) = -u**3 + 7*u**2 - 6*u + 4. Let x be k(6). Suppose g = -4 + 7. Let c(i) = g*i - 1 - i**3 - x*i + 0*i + i**2. Calculate c(-1).
2
Let k(c) be the first derivative of c**2 - 2*c + 10. Determine k(-6).
-14
Let k(t) = 3*t**3 + 9*t**2 + 13*t - 6. Let a(g) = g**3 + 3*g + 3*g - 3 + 11*g**2 - 7*g**2 + 0*g. Let r be 1/(2/(8/(-2))). Let z(w) = r*k(w) + 5*a(w). Give z(3).
0
Let m(p) = -5*p**2 - p - 1. Let g(s) = s**3 - 12*s**2 + 28*s - 10. Let r be g(9). Give m(r).
-5
Let k(g) = -g - 4. Let n(l) = -2. Let r(z) = -6*k(z) + 13*n(z). What is r(2)?
10
Suppose 4*r = -4*t - 28, -2*t - 20 = 3*t + 2*r. Let o be (-2)/(1*t/2). Let m(x) = 4*x**2 + 4*x**3 - 3*x**3 + 1 - o*x - 3*x**2. Give m(-2).
1
Let o(h) = h**3 + 4*h**2 - h + 2. Let v be ((-15)/(-9))/(2/(-6)). Let c = v + 6. Let k be c/(((-2)/(-8))/(-1)). Calculate o(k).
6
Let z(k) be the second derivative of -k**3/2 + 5*k**2/2 + 4*k. Calculate z(4).
-7
Let d = -171 - -169. Let w(k) = -2*k**2 - 4*k - 3. What is w(d)?
-3
Let d(m) be the second derivative of 0 - 3*m**2 + 1/6*m**3 - 3*m. Suppose 0 = -4*w - 0*w + 20. Give d(w).
-1
Let f(c) be the third derivative of -c**4/24 - 2*c**3 - 10*c**2. Calculate f(-6).
-6
Let o(p) = -2*p**2 + 4 + p**2 + 3*p + 5*p**2 - p**3. Let m be -4*(-2)/((-24)/(-15)). Determine o(m).
-6
Let d(p) = 2*p + 22. Let a be d(-10). Let o(l) = -32 + 32 - a*l. Suppose -9 - 6 = -3*f. Calculate o(f).
-10
Let j(k) = k - 12. Suppose 14*z - 105 - 21 = 0. What is j(z)?
-3
Let h(s) = s + 12. Let y be 1/((-7)/(-2)) - (-88)/(-14). Give h(y).
6
Let t(i) = i**3 + i**2 - i. Suppose 2 - 8 = -2*x. Suppose o - 9 - x = 5*b, -4*o - b = -6. Let f be (0 + 0)/(2/o). Calculate t(f).
0
Let d(g) be the second derivative of g**5/4 + g**4/12 - g**3/3 + g**2/2 - 3*g. What is d(1)?
5
Let k(z) = 5*z + 8*z - 6*z. Let n = -7 - -8. Give k(n).
7
Suppose 4*w + 9 = 2*l - 19, l - w = 10. Let n(h) = -h**3 + 4*h**2 + 10*h - 7. What is n(l)?
-19
Suppose -4 = -2*n + 4. Let q = n + -3. Let b(u) = u. Let j(y) = -10*y + 1. Let p(r) = -6*b(r) - j(r). Determine p(q).
3
Let u(b) = -10*b**2 + 3*b + 1. Let r(s) = -21*s**2 + 7*s + 2. Let m(t) = 2*r(t) - 5*u(t). Let v be 15/12 - 2 - (-4)/(-16). Give m(v).
8
Let t(u) be the first derivative of -5*u**4/4 + u**3 - u**2 + 6*u - 3. Let o(l) = -6*l**3 + 3*l**2 - 2*l + 7. Let g(c) = 4*o(c) - 5*t(c). What is g(3)?
4
Let q(c) be the third derivative of c**4/3 + c**3/6 + 42*c**2. Determine q(4).
33
Let h(t) = 6*t - 2. Let u(p) = -2*p + 1. Let k(d) = 2*h(d) + 7*u(d). Let o be k(0). Let m(g) = -2*g**2 + 2. Determine m(o).
-16
Let x be -2 + (-2 - -4 - -1). Let d(s) = 2 + 3 + 5*s - 4 - 3*s. Calculate d(x).
3
Let g(k) = -k**3 - 5*k**2 - k - 6. Suppose -5*t = -5*u - 20, -3*u + t - 2 - 4 = 0. Let i be (u - 7)/2 - 1. Determine g(i).
-1
Let a = 3 - -3. Let w(h) be the third derivative of -h**4/24 + h**3 + 34*h**2. Determine w(a).
0
Let k(t) = t - 4*t**2 + 0*t**2 - 2*t**2 - 3*t**2. Give k(-1).
-10
Let k(t) = 5*t + 1. Suppose -3*s - 5*u - 12 = 0, s + 2*u + 6 - 1 = 0. What is k(s)?
6
Let c(a) = -a + 1. Let q = 23 + -22. What is c(q)?
0
Let c(v) be the first derivative of v**2 + 9*v - 18. What is c(-6)?
-3
Suppose 0 = -f - 3 - 2. Let g(o) = o**3 + 6*o**2 + 4*o + 1. Determine g(f).
6
Let o(f) = -f - 1. Let h = 33 - 37